u) = 4197*u - 79750. Calculate i(19).
-7
Let r(o) = -o**2 - 41*o - 296. Calculate r(-15).
94
Let l(d) = -2*d**2 + 12*d + 6. Determine l(3).
24
Let c(k) = k**2 + 31*k + 29. What is c(-31)?
29
Let p(r) = 113*r - 4839. Give p(43).
20
Let j(k) = 2*k**3 - 4*k**2 - 27*k + 56. Give j(3).
-7
Let m(t) = t**3 - 6*t**2 + 35*t - 208. Determine m(6).
2
Let g(w) = -w**2 - 9*w + 249. Calculate g(-24).
-111
Let d(t) = -3*t**2 - 35*t - 103. What is d(-3)?
-25
Let q(u) = -183*u + 972. What is q(6)?
-126
Let l(t) = -t**3 + 10*t**2 - 166*t + 292. What is l(2)?
-8
Let s(z) = -150*z + 4194. Determine s(28).
-6
Let f(d) = -5*d**3 - 22*d**2 - 7*d + 26. Calculate f(-2).
-8
Let p(d) = 25*d**3 + 24*d**2 + 8*d + 7. Give p(-1).
-2
Let m(g) = -g**3 + 7*g**2 + 19*g - 56. What is m(7)?
77
Let w(z) = -3*z**3 - 92*z**2 - 68*z - 111. Determine w(-30).
129
Let k(f) = -13529*f - 108233. Give k(-8).
-1
Let m(w) = w**3 + 20*w**2 - 60*w + 111. What is m(-23)?
-96
Let c(v) = v**2 - 19*v + 25. Determine c(9).
-65
Let w(g) = 134*g - 795. Give w(6).
9
Let o(x) = 133*x**2 - 136*x + 4. Determine o(1).
1
Let h(i) = -2*i**3 + 24*i**2 + 72*i + 267. What is h(15)?
-3
Let j(u) = 52*u**2 + 2237*u + 37. Give j(-43).
-6
Let j(v) = -v**2 + 88*v + 249. Calculate j(89).
160
Let h(x) = -2051*x + 18458. What is h(9)?
-1
Let r(w) = -w**3 + 22*w**2 + 93*w + 217. Give r(26).
-69
Let d(v) = 47*v + 5403. Give d(-115).
-2
Let g(h) = -70*h**2 + 10569*h + 149. Determine g(151).
-2
Let b(h) = 5*h**2 - 3*h - 1. Give b(5).
109
Let v(g) = -4*g**3 - 72*g**2 - 2*g - 44. Give v(-18).
-8
Let q(z) = -308*z**2 - 184*z + 183. What is q(1)?
-309
Let d(u) = -5*u**2 + 30*u - 7. Determine d(10).
-207
Let f(q) = -q**3 - 21*q**2 - q + 411. What is f(-20)?
31
Let o(t) = -5*t + 28. Calculate o(-4).
48
Let f(x) = x**3 - 9*x**2 - 2150*x + 19355. Determine f(9).
5
Let g(v) = -v**3 + 19*v**2 + 15*v + 124. What is g(20)?
24
Let z(p) = -375*p + 4503. Determine z(12).
3
Let h(l) = -46*l**2 + 21*l + 15. What is h(-3)?
-462
Let n(m) = 14*m**3 - 491*m**2 + 40*m - 180. Determine n(35).
-5
Let l(m) = 3*m**3 + 16*m**2 + 13*m + 82. Calculate l(-7).
-254
Let m(k) = 32*k - 553. Give m(22).
151
Let c(s) = 22*s + 57. Determine c(-2).
13
Let g(y) = -y**3 - 2*y**2 - 388*y + 777. What is g(2)?
-15
Let s(q) = -268*q - 3755. Give s(-14).
-3
Let y(a) = 54*a - 788. What is y(14)?
-32
Let f(s) = -309*s + 591. What is f(2)?
-27
Let z(i) = i**3 - 43*i**2 + 61. What is z(43)?
61
Let z(k) = 56*k**2 - 7*k + 9. What is z(2)?
219
Let s(j) = 6*j + 63. Calculate s(9).
117
Let t(o) = 47*o - 76. Give t(-5).
-311
Let w(i) = 30*i + 328. Give w(-17).
-182
Let v(h) = -3991*h + 23945. Determine v(6).
-1
Let x(o) = -o**3 - 33*o**2 - 64*o - 54. Determine x(-31).
8
Let y(h) = -h**2 - 94*h - 154. Calculate y(-90).
206
Let a(t) = 28*t**2 - 443*t - 6. Determine a(16).
74
Let p(s) = s**3 - 26*s**2 + 121*s + 2. Calculate p(6).
8
Let k(j) = j**2 + 109*j + 1246. Determine k(-13).
-2
Let f(s) = -148*s - 23. Give f(-1).
125
Let y(h) = -h**3 - 27*h**2 + 91*h - 13. Give y(-30).
-43
Let w(o) = o**3 + 16*o**2 + 32*o + 5. Calculate w(-2).
-3
Let s(h) = -h**2 - 17*h - 106. Give s(-9).
-34
Let x(b) = -b**3 + 7*b**2 + 114*b - 850. Give x(9).
14
Let a(g) = g**3 + 3*g**2 - 11*g - 21. Give a(-5).
-16
Let z(w) = -w**2 - 300*w - 2627. Give z(-9).
-8
Let r(h) = h**3 - 7*h**2 + 3*h + 56. Determine r(7).
77
Let j(i) = 2*i**3 + 8*i**2 - 2*i + 34. Give j(-5).
-6
Let p(s) = -2*s**2 + 147*s + 147. What is p(-1)?
-2
Let j(v) = v**3 + 10*v**2 + 17*v + 6. What is j(-7)?
34
Let z(c) = c**2 + 34*c + 194. Calculate z(-12).
-70
Let f(c) = -5*c**2 - 24*c + 26. Give f(1).
-3
Let h(r) = -r**3 + 213*r**2 - 412*r - 2120. Calculate h(211).
-10
Let c(d) = 196*d. Give c(2).
392
Let z(x) = -x**3 - 6*x**2 - 17*x + 193. What is z(9)?
-1175
Let d(k) = 719*k + 30918. Calculate d(-43).
1
Let g(x) = 2*x**3 + 38*x**2 + 90*x - 53. Give g(-16).
43
Let k(w) = -w**3 - 7*w**2 + 12*w + 84. Give k(-7).
0
Let o(v) = 19*v + 175. Calculate o(-6).
61
Let y(c) = 2*c + 39. Calculate y(7).
53
Let r(n) = -n**2 + 151*n + 656. Give r(155).
36
Let a(v) = -398*v + 31033. Give a(78).
-11
Let m(o) = -338*o**2 + 3380*o - 13. Determine m(10).
-13
Let v(q) = -3*q**3 - 23*q**2 - 128*q - 772. What is v(-7)?
26
Let v(y) = -213*y + 803. Give v(3).
164
Let b(v) = 2*v**2 - 3*v + 38. What is b(-11)?
313
Let o(j) = j**3 - 8*j**2 + 16*j - 131. Give o(8).
-3
Let u(n) = 7*n**2 + 20*n + 15. Calculate u(3).
138
Let p(k) = k**2 - 170*k + 5546. Determine p(126).
2
Let l(p) = -p**3 - 16*p**2 - 90*p - 216. What is l(-9)?
27
Let h(y) = -117*y + 17190. What is h(148)?
-126
Let s(o) = 2*o**2 - 334*o - 335. Determine s(-1).
1
Let i(o) = 65*o + 2620. Calculate i(-46).
-370
Let x(l) = l**3 + 7*l**2 + 7*l - 10. What is x(-3)?
5
Let j(h) = -3*h**3 - 110*h**2 + 22*h - 593. Determine j(-37).
-38
Let j(c) = -47*c + 1524. Give j(33).
-27
Let t(z) = 7*z**2 - 115*z + 166. What is t(15)?
16
Let d(f) = -f**2 - 13*f + 111. Calculate d(5).
21
Let g(y) = -y + 2. Give g(-18).
20
Let y(r) = r**3 + 24*r**2 - 102. What is y(-24)?
-102
Let w(n) = -8*n**2 - 40*n - 34. Calculate w(-4).
-2
Let x(v) = -36*v - 1831. Determine x(-48).
-103
Let t(u) = 3*u**2 + 52*u + 392. Calculate t(-25).
967
Let b(v) = v**3 - 97*v**2 - 504*v + 16. Calculate b(-5).
-14
Let u(m) = -10*m**3 + 153*m**2 - 40*m - 89. Give u(15).
-14
Let m(c) = -6*c**3 + c**2 + 3*c - 7. Give m(-2).
39
Let l(x) = x**3 - 30*x**2 + 16*x - 82. Calculate l(30).
398
Let q(g) = -2*g**3 - 62*g**2 - 20*g - 613. Determine q(-31).
7
Let i(u) = -3*u**2 - 272*u + 1241. Give i(-95).
6
Let x(o) = o**2 - 5*o + 13. Give x(8).
37
Let x(r) = 25*r**2 + 76*r + 8. Determine x(-3).
5
Let p(g) = 13*g - 79. What is p(6)?
-1
Let v(i) = 10*i**2 + 101*i - 69. Calculate v(-11).
30
Let q(d) = 491*d + 510. Calculate q(-1).
19
Let u(w) = -4*w**2 + 37*w - 105. What is u(3)?
-30
Let f(t) = -127*t + 128. Give f(1).
1
Let u(r) = -248*r - 11446. What is u(-46)?
-38
Let r(y) = -73*y - 1754. Give r(-25).
71
Let p(h) = 86*h + 1223. Determine p(-13).
105
Let n(y) = 418*y - 81501. Calculate n(195).
9
Let h(b) = -919*b + 4583. Give h(5).
-12
Let b(i) = -94*i - 18. What is b(-1)?
76
Let w(b) = 652*b - 1757. Calculate w(3).
199
Let s(g) = -g + 329. Determine s(-43).
372
Let f(z) = -69*z - 70. Determine f(-3).
137
Let m(z) = z**3 + 15*z**2 + 98*z + 291. What is m(-6)?
27
Let g(l) = 11*l + 18. Calculate g(-8).
-70
Let j(b) = 42*b + 525. Calculate j(-13).
-21
Let j(b) = b**3 - 80*b**2 - 13*b + 1010. What is j(80)?
-30
Let k(t) = 64*t - 45. Give k(-1).
-109
Let z(v) = v + 118. Give z(16).
134
Let o(k) = -31*k - 203. Give o(-19).
386
Let h(u) = 163*u + 286. What is h(-2)?
-40
Let z(i) = i**3 + 66*i**2 - 71*i + 212. What is z(-67)?
480
Let q(h) = 13*h - 278. Calculate q(8).
-174
Let z(p) = 374*p - 37411. Give z(100).
-11
Let m(c) = -c**3 - 16*c**2 - 45*c + 109. Calculate m(-11).
-1
Let a(m) = -m**3 - 18*m**2 - 57*m + 14. Give a(-13).
-90
Let y(p) = -171*p + 1030. What is y(6)?
4
Let f(r) = -8*r**2 + 599*r - 1201. Give f(2).
-35
Let k(q) = 2*q**2 + 61*q + 448. What is k(-16)?
-16
Let u(k) = -29*k + 2639. Determine u(91).
0
Let l(a) = -a**3 - 3*a**2 + 28*a - 22. Give l(5).
-82
Let o(a) = -2127*a + 80825. Give o(38).
-1
Let a(o) = -70*o**3 - 4*o**2 + 2*o. Calculate a(1).
-72
Let z(l) = 4*l**3 + 74*l**2 + 18*l - 315. Calculate z(-18).
9
Let g(p) = 3*p**3 + 3*p**2 - 19*p + 22. Determine g(3).
73
Let w(z) = -11*z**2 - 748*z - 2820. Calculate w(-4).
-4
Let m(n) = -39*n**3 + n**2 + 2*n - 3. Calculate m(1).
-39
Let v(i) = -2*i**2 - 27*i + 180. Give v(-15).
135
Let k(x) = -97*x + 9. Determine k(2).
-185
Let h(l) = -392*l - 1206. Calculate h(-3).
-30
Let o(w) = 89*w - 533. Calculate o(6).
1
Let a(k) = k**3 + 46*k**2 + 160*k - 364. Calculate a(-42).
-28
Let i(u) = u**3 + 13*u**2 - 121*u - 115. Calculate i(-19).
18
Let x(g) = -g**3 - 6*g**2 + 66*g + 406. Calculate x(-7).
-7
Let l(p) = p**3 + 138*p**2 + 2263*p + 110. What is l(-119)?
-128
Let d(v) = -2*v**3 - 235*v**2 + 715*v + 8. Determine d(3).
-16
Let u(l) = -118*l**2 - 442*l - 7. Determine u(-4).
-127
Let i(x) = 32*x + 127. Calculate i(-4).
-1
Let o(y) = 25*y + 2192. What is o(-85)?
67
Let d(b) = -b**2 - 725*b - 2164. What is d(-3)?
2
Let t(o) = 2*o**2 - 9332*o + 139534. Determine t(15).
4
Let q(g) = 2336*g + 44395. Give q(-19).
11
Let 